ime factors of t.
2, 13
Let o(h) = 2*h - 13. Let k be o(17). Suppose 5*y - y = 168. Let u = y - k. What are the prime factors of u?
3, 7
Let d(z) = 9*z + 3. Let w be d(2). Let v(m) = -m + w*m**2 - 3 - m + 2. List the prime factors of v(-1).
2, 11
Let g be (7 + -3 + -4)/(-1). List the prime factors of 0 - (g + -72 + 3).
3, 23
Let g = -999 - -2828. List the prime factors of g.
31, 59
Suppose -3*h + 39 = x + 2*x, -4*h + 44 = 2*x. Let n(q) be the third derivative of 5*q**4/24 - 10*q**3/3 + 2*q**2. What are the prime factors of n(h)?
5
Let s(v) = -1872*v**3 + 8*v**2 + 9*v + 2. What are the prime factors of s(-1)?
1873
Let t(c) = 2*c**2 - c + 1. Let k be t(1). Suppose 0 = -5*y - 3*q + 13, 2 = 5*y + k*q - 10. Suppose y*g - 28 = 50. What are the prime factors of g?
3, 13
Let g(b) = -6*b**3 + 2*b - 2*b**2 - 7*b**3 + 3*b + b**2. Let i(w) = w**3 - w. Let o(a) = g(a) + 6*i(a). List the prime factors of o(-1).
7
Suppose -2*k + 1821 = -5*u - 0*u, 0 = 4*k + 5*u - 3717. What are the prime factors of k?
13, 71
Let o = 8180 - 3829. List the prime factors of o.
19, 229
Suppose -j - 3*j + 104 = 0. What are the prime factors of 12870/169 + (-4)/j?
2, 19
Suppose -5*g + 35 - 7 = 4*z, 4*z = -g + 12. Suppose 4*v - v = 75. Let k = v + z. List the prime factors of k.
3
Let z be ((-24)/14)/(3/42). Let w = z + -12. List the prime factors of (2/(-3))/(8/w).
3
Let q(r) = -12*r - 29. Let k be q(-24). Let u = -81 + k. List the prime factors of u.
2, 89
Let u(w) = 2*w + 19. Let v be u(-8). Suppose -3*x + 7 = -8*x + 4*r, 0 = -v*x + 2*r - 5. List the prime factors of 10/x*63/(-15).
2, 7
Let u(d) = -d**3 + 24*d**2 + 25*d + 11. What are the prime factors of u(11)?
11, 13
Let j(v) = 56*v**3 - 3*v**2 + 2*v - 1. List the prime factors of j(2).
439
Let s be (-7)/(21/18) - 2. Let j be s/20 - (-66)/15. Suppose -j*t + 4*m = -148, 2*m = -2*t - m + 69. What are the prime factors of t?
2, 3
Let v be (10611/21 - -5) + 2/(-7). Suppose -2*q + a = -7*q + v, 5*q = 3*a + 530. List the prime factors of q.
103
Let p = -67 + 75. Let y = 13 + p. What are the prime factors of y?
3, 7
Let g(d) = -d**3 + 11*d**2 - 7*d + 21. What are the prime factors of g(-6)?
3, 5
Let q be (-339)/6*(10 + -8). What are the prime factors of -1 - (q - (0 + -3))?
109
Let m(r) = r**3 + 6*r**2 + r - 10. Let q be m(5). Suppose -q = -3*y - 2*y. List the prime factors of y.
2, 3
Let l be (-3 - -4)/(0 + 1). Let t be (-6)/(l + (2 - 2)). What are the prime factors of (-10)/(-15) - 98/t?
17
Suppose 0*l + 3*l = 24. Suppose l = -5*a - 42. Let p = 0 - a. What are the prime factors of p?
2, 5
Let k(o) = 3*o**2 - 8*o - 3. Let v(n) = 3*n**2 - 9*n - 3. Let d(r) = 6*k(r) - 5*v(r). Let p be d(-2). What are the prime factors of 39/p*(0 + 5)?
13
Suppose -4*m + 4*a = -148, 2*m - 3*a = -4*a + 68. Suppose -2*y - 3*y + m = 0. Let g = y + -3. List the prime factors of g.
2
Suppose -3*l = -6*l - 5*u + 25, 3*l = -3*u + 21. Suppose -3*d + 25 = -5*p + 453, 5*d - 460 = -l*p. List the prime factors of p.
2, 11
Let y be (2 - 2) + 2 + (-14 - -5). Let l(u) = -u**2 - 8*u + 20. List the prime factors of l(y).
3
Suppose 7 = 3*d - 5. Suppose -3*f + d = -23. List the prime factors of f.
3
List the prime factors of (647514/(-24))/(-9) - 2/(-8).
2, 1499
Suppose -16*j + 7952 + 4928 = 0. What are the prime factors of j?
5, 7, 23
Let b = -14 - -16. Suppose 2*j = -v + 58, v + 4*v = -b*j + 258. List the prime factors of v.
2, 5
Suppose -4*y + 12 = -2*b + 2, -2*y + 4 = -2*b. Suppose 0 = -2*c + b + 5. What are the prime factors of 0 + 1 + (c - -30)?
2, 17
Let y = -61 - -147. List the prime factors of 2*y/(-12)*-3.
43
Suppose 5*n + 643 = 7168. What are the prime factors of n?
3, 5, 29
What are the prime factors of ((-20)/(-60))/((-2)/(-5826))?
971
Let j be (-2)/(-11) + (-5050)/(-55). Suppose 15*z - 17*z + j = 0. Suppose -5*v - k + z = 3*k, 2*v + 3*k = 24. List the prime factors of v.
2, 3
Suppose -3*a = -2*a + a. Suppose a*m + 4*m - 380 = 0. List the prime factors of m.
5, 19
Let u be ((-6)/(-15))/2 + (-18)/(-10). Suppose -4*i = -2*f + 78, 3*i + u*i = -5. What are the prime factors of f?
37
Suppose -x = 2*s - 530, 2*s = -5*x + 2*x + 534. Suppose s = -5*w + 9*w. What are the prime factors of w?
2, 3, 11
Suppose 5*u - 4*k + 6*k = 12681, 5*u - 4*k - 12693 = 0. List the prime factors of u.
43, 59
Let p(h) = -h**2 + h + 2. Let r be p(2). Suppose x + 3*n - 31 = r, -3*n - 41 = -x - 4*n. List the prime factors of x.
2, 23
Suppose 56*i - 60*i = -2820. List the prime factors of i.
3, 5, 47
Let r(t) = -332*t - 60. What are the prime factors of r(-5)?
2, 5
Let k be (-203)/14 - (-2)/(-4). Let q = -17 - k. What are the prime factors of q - (-43 - 2) - -2?
3, 5
Let z be 14/(-18) + 14/(-63). What are the prime factors of (z + -2)/((-3)/47)?
47
Let g be (-4)/6*(-33 + 12). Suppose a - 35 - g = 0. Suppose -5*f + 219 - a = 0. What are the prime factors of f?
2, 17
What are the prime factors of 6/(-8) + 375/4?
3, 31
Suppose -14*a + 17478 = -5*a. What are the prime factors of a?
2, 971
Suppose -a = -3*x + 1423, -3*x - x + 1880 = 3*a. Let p = x + -329. List the prime factors of p.
2, 3
Let p(n) be the third derivative of -n**6/120 - n**5/12 - 11*n**4/24 - 5*n**3/3 + 13*n**2. What are the prime factors of p(-7)?
3, 5, 11
Suppose 5*f - 265 = -5*i, 0*f - 2*i - 200 = -4*f. Suppose 97 = 2*h + 2*b - f, -4*h - b + 305 = 0. What are the prime factors of (-3)/(-6) + h/2?
3, 13
Suppose 3*a - 4*a + 5*p = 0, -5*p - 25 = 4*a. Let t = a - -36. List the prime factors of t.
31
Let m = 5661 - 3088. What are the prime factors of m?
31, 83
Suppose 3*g - 6*q + 11*q = 656, -g = q - 216. List the prime factors of g.
2, 53
Let p = -576 + 994. What are the prime factors of p?
2, 11, 19
Let f(i) = -i**3 - 23*i**2 - 49*i - 56. List the prime factors of f(-26).
2, 3, 541
Let h(t) = t**3 - 9*t**2 - 7*t + 1. Let i be h(10). Let k = 77 - i. What are the prime factors of k?
2, 23
Suppose -16225 = 23*v - 52358. List the prime factors of v.
1571
Suppose -10*x + 5*x - 25 = 0. Let v = 31 + x. List the prime factors of v.
2, 13
Suppose 25*l - 3409 = 18*l. List the prime factors of l.
487
Suppose -k - 52 = -5*k. What are the prime factors of k + -15 + 176/2?
2, 43
Suppose -2*w + 3576 = -p, -2*w = -5*p + 2*p - 3580. What are the prime factors of w?
1787
Let c(y) = -y**3 + 18*y**2 - 15*y + 22. Let n = 2 + 15. List the prime factors of c(n).
2, 7
Let i(t) = -9*t + 147. What are the prime factors of i(0)?
3, 7
Suppose -k = 3*k - 20. Suppose 4*c = k*c + f - 49, c = -3*f + 49. List the prime factors of c.
7
Suppose -4*l = -12 - 4, 0 = -5*a + 2*l + 7. Suppose -a*h = -45 + 9. List the prime factors of h.
2, 3
Let n = 478 - 451. Suppose 6*k - 295 = k. Let p = k - n. List the prime factors of p.
2
Let c = -67 + 114. Suppose -c = 2*a + 9. What are the prime factors of (4/a + 1)*42?
2, 3
Suppose 11*v + 180 = 15*v. Suppose -q = -29 - v. List the prime factors of q.
2, 37
Let f be 3*(-10)/(-135) + 335/(-9). Let t = f + 65. What are the prime factors of t?
2, 7
Let s be (9/(-6))/((-3)/(-112)). Let x be (-1)/(-3) - (-466)/6. Let w = x + s. List the prime factors of w.
2, 11
Suppose -7*h + 3*h = 4. Let x be 54/18 + (h - 18). Let u = 18 + x. List the prime factors of u.
2
Let b = -8 + 27. Let p = -9 + b. Suppose 72 = 2*m - 2*s, 2*m + 3*s - 62 + p = 0. What are the prime factors of m?
2
Let b be (28/(-12) + 3)/((-2)/(-15)). Suppose -b*w = -2*w - 363. What are the prime factors of w?
11
Let z be -1 + 1 - (0 - 2). Suppose -l - 4*s = z*l - 333, -l - s + 112 = 0. Suppose 5*b + 3*m - 7*m = l, 4*b - 5*m - 101 = 0. What are the prime factors of b?
19
What are the prime factors of 30/6 + (0 - -146)?
151
Let n(t) = t**3 + 49*t**2 - 154*t + 107. List the prime factors of n(-52).
3
Suppose 0 = -o + 2*o - 2*l - 2016, 0 = 5*l - 20. List the prime factors of o.
2, 11, 23
Suppose 0 = 4*d + 15 + 1. Let v be (d/(-6))/((-4)/150). Let x = v + 28. List the prime factors of x.
3
Suppose 4*s + b - 924 = 2*s, 462 = s - 5*b. What are the prime factors of s?
2, 3, 7, 11
Suppose 0 = 5*j - 1923 - 2117. What are the prime factors of j?
2, 101
Let i be (-4)/1 + 46/2. Suppose 4*d = -h + 33, -h - i = 2*d - 58. What are the prime factors of h?
3, 5
Let l(x) = 8*x**2 - 6*x - 24. List the prime factors of l(7).
2, 163
Let c(b) = b**2 + 6*b - 21. Let r be c(-7). Let u(f) = f**3